{"id":2,"date":"2008-02-05T10:24:21","date_gmt":"2008-02-05T09:24:21","guid":{"rendered":""},"modified":"2023-10-18T14:57:26","modified_gmt":"2023-10-18T13:57:26","slug":"a-propos","status":"publish","type":"page","link":"https:\/\/carfree.fr\/index.php\/a-propos\/","title":{"rendered":"A propos"},"content":{"rendered":"<p>CarFree France f\u00e9d\u00e8re l&rsquo;ensemble de la lutte contre l&rsquo;oppression automobile et propose de nombreuses alternatives en termes de mobilit\u00e9 et d&rsquo;urbanisme. Nous nous inscrivons dans le mouvement international Carfree dont la charte peut \u00eatre consult\u00e9e <a title=\"http:\/\/carfree.fr\/index.php\/2012\/02\/02\/charte-du-reseau-mondial-carfree\/\" href=\"http:\/\/carfree.fr\/index.php\/2012\/02\/02\/charte-du-reseau-mondial-carfree\/\" target=\"_blank\" rel=\"noopener\">ici<\/a>. <!--more--><\/p>\n<p>Le site CarFree France poursuit actuellement trois objectifs:<\/p>\n<ul>\n<li>F\u00e9d\u00e9rer tous les sites fran\u00e7ais critiques vis-\u00e0-vis de l&rsquo;automobile et ses nuisances et qui cherchent \u00e0 proposer des alternatives cr\u00e9dibles, dans les domaines de la mobilit\u00e9 (transports en commun, v\u00e9lo, marche \u00e0 pied, rollers, etc.) et de l&rsquo;urbanisme (villes et quartiers sans voitures, \u00e9co-villes, etc.).<\/li>\n<li>Faire \u00e9tat d&rsquo;exp\u00e9riences int\u00e9ressantes prouvant l&rsquo;incapacit\u00e9 de l&rsquo;automobile \u00e0 assurer un transport viable et durable des personnes et d&rsquo;exp\u00e9riences urbanistiques prouvant que la ville sans voitures est possible et souhaitable.<\/li>\n<li>Recenser et proposer des utopies urbaines sans voitures afin de les promouvoir et les appliquer, selon l&rsquo;adage \u00ab\u00a0L\u2019utopie, c\u2019est rendre possible l\u2019impossible\u00a0\u00bb.<\/li>\n<\/ul>\n<p>Le site est organis\u00e9 en trois grands domaines:<\/p>\n<ul>\n<li>Les <a title=\"http:\/\/carfree.fr\/index.php\/category\/alternatives-a-la-voiture\/\" href=\"http:\/\/carfree.fr\/index.php\/category\/alternatives-a-la-voiture\/\">alternatives \u00e0 l&rsquo;automobile<\/a> en termes de modes de d\u00e9placement (pi\u00e9tons, v\u00e9lo, transports en commun, etc.)<\/li>\n<li>La <a title=\"http:\/\/carfree.fr\/index.php\/category\/fin-de-lautomobile\/\" href=\"http:\/\/carfree.fr\/index.php\/category\/fin-de-lautomobile\/\">fin de l&rsquo;automobile<\/a>:\u00a0 toute l&rsquo;actualit\u00e9 relative \u00e0 l&rsquo;\u00e9chec du syst\u00e8me automobile.<\/li>\n<li>La <a title=\"http:\/\/carfree.fr\/index.php\/category\/vie-sans-voiture\/\" href=\"http:\/\/carfree.fr\/index.php\/category\/vie-sans-voiture\/\">vie sans voiture<\/a> au travers des exp\u00e9riences men\u00e9es en France ou \u00e0 l&rsquo;\u00e9tranger.<\/li>\n<\/ul>\n<p>Carfree France, ce sont plusieurs dizaines d&rsquo;<a href=\"http:\/\/carfree.fr\/index.php\/a-propos\/auteurs\/\">auteurs<\/a> et de contributeurs qui font vivre le site.<\/p>\n<p>CarFree France, c&rsquo;est aussi un <a title=\"Centre de ressources\" href=\"http:\/\/carfree.fr\/index.php\/ressources\/\">centre de ressources<\/a> regroupant des images, des tracts et des livres en t\u00e9l\u00e9chargement gratuit ainsi que la possibilit\u00e9 offerte de <a title=\"Publiez !\" href=\"http:\/\/carfree.fr\/index.php\/a-propos\/publiez\/\">publier<\/a> vos propres articles sur le site Internet.<\/p>\n<p>A terme, en fonction des attentes et des besoins, l&rsquo;objectif pourrait \u00e9voluer vers la mise en place d&rsquo;une liste de discussion, d&rsquo;une association, d&rsquo;un groupe de pression constitu\u00e9 afin de d\u00e9fendre aupr\u00e8s des pouvoirs publics et des m\u00e9dias l&rsquo;id\u00e9e de cr\u00e9er en France des quartiers CarFree, c&rsquo;est-\u00e0-dire \u00ab\u00a0lib\u00e9r\u00e9s des voitures\u00a0\u00bb.<\/p>\n<p>Si vous \u00eates motiv\u00e9(es), pour cr\u00e9er et animer par exemple une liste de discussion, ou participer \u00e0 la cr\u00e9ation d&rsquo;une association, voici l&rsquo;adresse de <a title=\"Contact\" href=\"http:\/\/carfree.fr\/index.php\/contact\/\">contact<\/a>.<\/p>\n<p>Si vous voulez faire un don \u00e0 Carfree France, <a href=\"http:\/\/carfree.fr\/index.php\/ressources\/dons\/\" target=\"_blank\" rel=\"noopener\">c&rsquo;est ici que cela se passe<\/a>.<\/p>\n<p>La Vi(ll)e sans voitures, c&rsquo;est possible!<\/p>\n<p><a title=\"carfree.fr\" href=\"http:\/\/carfree.fr\/\">http:\/\/carfree.fr\/<\/a><\/p>\n<p><a title=\"CarFree France\" href=\"http:\/\/carfree.fr\/\"><img decoding=\"async\" loading=\"lazy\" src=\"http:\/\/carfree.fr\/carfree-france.png\" alt=\"CarFree France\" width=\"80\" height=\"15\" border=\"0\" \/><\/a><\/p>\n<!-- Begin PayPal Donations by https:\/\/www.tipsandtricks-hq.com\/paypal-donations-widgets-plugin --> <form action=\"https:\/\/www.paypal.com\/cgi-bin\/webscr\" method=\"post\" target=\"_blank\"> <div class=\"paypal-donations\"> <input type=\"hidden\" name=\"cmd\" value=\"_donations\" \/> <input type=\"hidden\" name=\"bn\" value=\"TipsandTricks_SP\" \/> <input type=\"hidden\" name=\"business\" value=\"carfree@free.fr\" \/> <input type=\"hidden\" name=\"return\" value=\"http:\/\/carfree.fr\/\" \/> <input type=\"hidden\" name=\"item_name\" value=\"Je soutiens Carfree France\" \/> <input type=\"hidden\" name=\"rm\" value=\"0\" \/> <input type=\"hidden\" name=\"currency_code\" value=\"EUR\" \/> <input type=\"hidden\" name=\"lc\" value=\"FR\" \/> <input type=\"image\" style=\"cursor: pointer;\" src=\"http:\/\/carfree.fr\/img\/2020\/10\/don.jpg\" name=\"submit\" alt=\"PayPal - The safer, easier way to pay online.\" \/> <img alt=\"\" src=\"https:\/\/www.paypalobjects.com\/en_US\/i\/scr\/pixel.gif\" width=\"1\" height=\"1\" \/> <\/div> <\/form> <!-- End PayPal Donations -->\n","protected":false},"excerpt":{"rendered":"<p>CarFree France f\u00e9d\u00e8re l&rsquo;ensemble de la lutte contre l&rsquo;oppression automobile et propose de nombreuses alternatives en termes de mobilit\u00e9 et d&rsquo;urbanisme. Nous nous inscrivons dans le mouvement international Carfree dont <a class=\"more-link\" href=\"https:\/\/carfree.fr\/index.php\/a-propos\/\">Lire la suite&#8230;<\/a><\/p>\n","protected":false},"author":1390,"featured_media":39207,"parent":0,"menu_order":0,"comment_status":"open","ping_status":"open","template":"","meta":[],"_links":{"self":[{"href":"https:\/\/carfree.fr\/index.php\/wp-json\/wp\/v2\/pages\/2"}],"collection":[{"href":"https:\/\/carfree.fr\/index.php\/wp-json\/wp\/v2\/pages"}],"about":[{"href":"https:\/\/carfree.fr\/index.php\/wp-json\/wp\/v2\/types\/page"}],"author":[{"embeddable":true,"href":"https:\/\/carfree.fr\/index.php\/wp-json\/wp\/v2\/users\/1390"}],"replies":[{"embeddable":true,"href":"https:\/\/carfree.fr\/index.php\/wp-json\/wp\/v2\/comments?post=2"}],"version-history":[{"count":0,"href":"https:\/\/carfree.fr\/index.php\/wp-json\/wp\/v2\/pages\/2\/revisions"}],"wp:featuredmedia":[{"embeddable":true,"href":"https:\/\/carfree.fr\/index.php\/wp-json\/wp\/v2\/media\/39207"}],"wp:attachment":[{"href":"https:\/\/carfree.fr\/index.php\/wp-json\/wp\/v2\/media?parent=2"}],"curies":[{"name":"wp","href":"https:\/\/api.w.org\/{rel}","templated":true}]}}