{"id":71,"date":"2008-03-11T09:41:34","date_gmt":"2008-03-11T08:41:34","guid":{"rendered":"http:\/\/carfree.fr\/index.php\/ressources\/abonnez-vous\/"},"modified":"2021-09-21T13:26:12","modified_gmt":"2021-09-21T12:26:12","slug":"abonnez-vous","status":"publish","type":"page","link":"https:\/\/carfree.fr\/index.php\/ressources\/abonnez-vous\/","title":{"rendered":"Abonnez-vous!"},"content":{"rendered":"<p>Si vous voulez \u00eatre au courant des nouveaux articles publi\u00e9s sur CarFree France, une seule solution: l\u2019abonnement. En vous inscrivant au bulletin hebdomadaire de Carfree France, vous recevez une fois par semaine la newsletter. <!--more--><\/p>\n<p>Pour s&rsquo;abonner, se d\u00e9sabonner, ou changer d&rsquo;adresse email, c&rsquo;est ici:<br \/>\n<a title=\"https:\/\/lists.riseup.net\/www\/info\/carfree\" href=\"https:\/\/lists.riseup.net\/www\/info\/carfree\" target=\"_blank\">https:\/\/lists.riseup.net\/www\/info\/carfree<\/a><\/p>\n<p>Vous pouvez aussi envoyer un mail:<\/p>\n<ul>\n<li>pour vous abonner:<br \/>\n<a href=\"mailto:carfree-subscribe@lists.riseup.net\">carfree-subscribe@lists.riseup.net<\/a><\/li>\n<li>pour vous d\u00e9sabonner:<br \/>\n<a href=\"mailto:carfree-unsubscribe@lists.riseup.net\">carfree-unsubscribe@lists.riseup.net<\/a><\/li>\n<\/ul>\n<p>Inutile de pr\u00e9ciser que ce service est bien entendu gratuit! Manquerait plus que ce soit payant!<\/p>\n<p>Un autre moyen d\u2019\u00eatre inform\u00e9 avant tout le monde : les flux RSS. Pour cela il vous suffit d\u2019ajouter le lien suivant \u00e0 votre lecteur de flux :<\/p>\n<p><a title=\"http:\/\/feeds.feedburner.com\/carfreefrance\" href=\"http:\/\/feeds.feedburner.com\/carfreefrance\" target=\"_blank\">http:\/\/feeds.feedburner.com\/carfreefrance<\/a><\/p>\n<p><a href=\"http:\/\/feeds.feedburner.com\/CarfreeFrance\"><img decoding=\"async\" loading=\"lazy\" style=\"border: 0pt none;\" src=\"http:\/\/feeds.feedburner.com\/~fc\/CarfreeFrance?bg=99CC66&amp;fg=444444&amp;anim=0\" alt=\"\" width=\"88\" height=\"26\" \/><\/a><\/p>\n<p>Vous n\u2019avez pas de lecteur de flux? Rien de plus simple : utilisez donc l\u2019une de ces c\u00e9l\u00e8bres applications en ligne : Google Reader ou <a title=\"http:\/\/www.netvibes.com\/\" href=\"https:\/\/www.netvibes.com\/en\" target=\"_blank\">Netvibes<\/a>.<\/p>\n<p>Enfin si un article vous int\u00e9resse tout particuli\u00e8rement, et que vous souhaitez suivre les commentaires post\u00e9s par les visiteurs, rien de plus facile : ajoutez le <a title=\"http:\/\/feeds.feedburner.com\/CommentairesPourCarfreeFrance\" href=\"http:\/\/feeds.feedburner.com\/CommentairesPourCarfreeFrance\" target=\"_blank\">flux RSS des commentaires<\/a> \u00e0 votre lecteur\u2026<\/p>\n","protected":false},"excerpt":{"rendered":"<p>Si vous voulez \u00eatre au courant des nouveaux articles publi\u00e9s sur CarFree France, une seule solution: l\u2019abonnement. En vous inscrivant au bulletin hebdomadaire de Carfree France, vous recevez une fois <a class=\"more-link\" href=\"https:\/\/carfree.fr\/index.php\/ressources\/abonnez-vous\/\">Lire la suite&#8230;<\/a><\/p>\n","protected":false},"author":1390,"featured_media":26415,"parent":40,"menu_order":0,"comment_status":"open","ping_status":"closed","template":"","meta":[],"_links":{"self":[{"href":"https:\/\/carfree.fr\/index.php\/wp-json\/wp\/v2\/pages\/71"}],"collection":[{"href":"https:\/\/carfree.fr\/index.php\/wp-json\/wp\/v2\/pages"}],"about":[{"href":"https:\/\/carfree.fr\/index.php\/wp-json\/wp\/v2\/types\/page"}],"author":[{"embeddable":true,"href":"https:\/\/carfree.fr\/index.php\/wp-json\/wp\/v2\/users\/1390"}],"replies":[{"embeddable":true,"href":"https:\/\/carfree.fr\/index.php\/wp-json\/wp\/v2\/comments?post=71"}],"version-history":[{"count":0,"href":"https:\/\/carfree.fr\/index.php\/wp-json\/wp\/v2\/pages\/71\/revisions"}],"up":[{"embeddable":true,"href":"https:\/\/carfree.fr\/index.php\/wp-json\/wp\/v2\/pages\/40"}],"wp:featuredmedia":[{"embeddable":true,"href":"https:\/\/carfree.fr\/index.php\/wp-json\/"}],"wp:attachment":[{"href":"https:\/\/carfree.fr\/index.php\/wp-json\/wp\/v2\/media?parent=71"}],"curies":[{"name":"wp","href":"https:\/\/api.w.org\/{rel}","templated":true}]}}